e remainder when 24632419 is divided by 34.
31
Calculate the remainder when 251684 is divided by 35924.
216
Calculate the remainder when 106776 is divided by 15239.
103
Calculate the remainder when 22025 is divided by 22001.
24
What is the remainder when 256226663 is divided by 582?
581
Calculate the remainder when 89356017 is divided by 7446332.
33
Calculate the remainder when 262445 is divided by 8109.
2957
What is the remainder when 399604 is divided by 57024?
436
What is the remainder when 1244121 is divided by 1179?
276
What is the remainder when 895799 is divided by 26?
21
Calculate the remainder when 366665 is divided by 91598.
273
Calculate the remainder when 5356 is divided by 4272.
1084
Calculate the remainder when 281117 is divided by 52.
5
What is the remainder when 505600 is divided by 7767?
745
What is the remainder when 232229 is divided by 12219?
68
What is the remainder when 114753 is divided by 38182?
207
Calculate the remainder when 234875 is divided by 3727.
74
Calculate the remainder when 711722 is divided by 689.
674
What is the remainder when 2474389 is divided by 353482?
15
What is the remainder when 469629 is divided by 156490?
159
What is the remainder when 514548 is divided by 1564?
1556
Calculate the remainder when 10913 is divided by 133.
7
Calculate the remainder when 12056043 is divided by 44161.
90
What is the remainder when 2537233 is divided by 1096?
1089
What is the remainder when 20865 is divided by 5167?
197
What is the remainder when 7027092 is divided by 6006?
72
Calculate the remainder when 35127606 is divided by 29200.
6
What is the remainder when 245256379 is divided by 2189789?
11
What is the remainder when 11956827 is divided by 74730?
27
Calculate the remainder when 10989617 is divided by 5494778.
61
What is the remainder when 138795 is divided by 6266?
943
What is the remainder when 315823 is divided by 2547?
2542
What is the remainder when 187952772 is divided by 7507?
13
Calculate the remainder when 85848796 is divided by 42924393.
10
Calculate the remainder when 669384 is divided by 222533.
1785
What is the remainder when 30734476 is divided by 54?
52
Calculate the remainder when 7139745 is divided by 3569722.
301
What is the remainder when 526132 is divided by 175355?
67
What is the remainder when 59384906 is divided by 59384898?
8
What is the remainder when 12319324 is divided by 5754?
10
What is the remainder when 142232 is divided by 135?
77
What is the remainder when 44588 is divided by 512?
44
Calculate the remainder when 95737 is divided by 4862.
3359
Calculate the remainder when 470140 is divided by 1988.
972
Calculate the remainder when 35909 is divided by 1044.
413
Calculate the remainder when 1059900058 is divided by 30.
28
What is the remainder when 2509 is divided by 679?
472
Calculate the remainder when 230681 is divided by 45883.
1266
Calculate the remainder when 106318 is divided by 106238.
80
What is the remainder when 763454 is divided by 763440?
14
What is the remainder when 991004 is divided by 296?
292
What is the remainder when 557804 is divided by 615?
614
What is the remainder when 23149 is divided by 7391?
976
What is the remainder when 6815129 is divided by 553?
510
What is the remainder when 167626795 is divided by 880?
875
Calculate the remainder when 1481134 is divided by 1025.
9
Calculate the remainder when 17006400 is divided by 134.
58
Calculate the remainder when 70490277 is divided by 840.
837
Calculate the remainder when 199280 is divided by 5253.
4919
Calculate the remainder when 161123274 is divided by 24.
18
Calculate the remainder when 4752767 is divided by 4752707.
60
What is the remainder when 33258995 is divided by 20?
15
Calculate the remainder when 160336 is divided by 31971.
481
Calculate the remainder when 14997 is divided by 29.
4
What is the remainder when 515173 is divided by 217?
15
What is the remainder when 3064787 is divided by 247?
11
Calculate the remainder when 15754 is divided by 1041.
139
Calculate the remainder when 1453006 is divided by 9.
1
Calculate the remainder when 184911 is divided by 10841.
614
What is the remainder when 154075 is divided by 76576?
923
Calculate the remainder when 3942914 is divided by 201.
98
What is the remainder when 52107 is divided by 5719?
636
What is the remainder when 967765444 is divided by 311?
309
Calculate the remainder when 944317 is divided by 93.
88
Calculate the remainder when 4029377 is divided by 73.
69
What is the remainder when 421451 is divided by 13592?
99
Calculate the remainder when 13334694 is divided by 1333469.
4
Calculate the remainder when 71714504 is divided by 29.
27
What is the remainder when 89862 is divided by 211?
187
What is the remainder when 575926 is divided by 287943?
40
What is the remainder when 11183205 is divided by 698949?
21
What is the remainder when 298855 is divided by 32?
7
Calculate the remainder when 393478 is divided by 4421.
9
Calculate the remainder when 1682699 is divided by 739.
735
What is the remainder when 173224 is divided by 5391?
712
What is the remainder when 1031854270 is divided by 22?
18
Calculate the remainder when 17679866 is divided by 1007.
974
Calculate the remainder when 227255 is divided by 32337.
896
What is the remainder when 8654199 is divided by 8028?
15
What is the remainder when 28255477 is divided by 4709236?
61
What is the remainder when 44531 is divided by 550?
531
Calculate the remainder when 148193849 is divided by 12190.
19
What is the remainder when 12598951 is divided by 65963?
18
What is the remainder when 32593264 is divided by 472366?
10
What is the remainder when 276748 is divided by 1553?
314
Calculate the remainder when 4482980 is divided by 157.
2
What is the remainder when 9267805 is divided by 147108?
1
What is the remainder when 682571 is divided by 113758?
23
Calculate the remainder when 927054 is divided by 6034.
3852
What is the remainder when 1641970 is divided by 21?
1
Calculate the remainder when 26759 is divided by 2478.
1979
Calculate the remainder when 733357 is divided by 335.
42
What is the remainder when 8360928 is divided by 464496?
0
What is the remainder when 38003 is divided by 7436?
823
What is the remainder when 24376 is divided by 23617?
759
What is the remainder when 515956 is divided by 1112?
1100
What is the remainder when 7322885 is divided by 34?
33
What is the remainder when 9548396 is divided by 4?
0
What is the remainder when 36351093 is divided by 117?
12
Calculate the remainder when 153549353 is divided by 3.
2
Calculate the remainder when 700369 is divided by 155.
79
Calculate the remainder when 1062111 is divided by 1002.
993
Calculate the remainder when 142963 is divided by 47640.
43
What is the remainder when 119819 is divided by 68?
3
What is the remainder when 3224 is divided by 1290?
644
What is the remainder when 6255467 is divided by 898?
897
Calculate the remainder when 391006 is divided by 1970.
946
Calculate the remainder when 573673662 is divided by 688.
686
What is the remainder when 6214715 is divided by 21?
17
What is the remainder when 142806775 is divided by 28561355?
0
What is the remainder when 21000180 is divided by 777783?
39
Calculate the remainder when 19095 is divided by 5699.
1998
What is the remainder when 792057 is divided by 1864?
1721
Calculate the remainder when 29404557 is divided by 30.
27
Calculate the remainder when 42596 is divided by 20808.
980
Calculate the remainder when 69243 is divided by 3179.
2484
What is the remainder when 808373 is divided by 189?
20
What is the remainder when 36444 is divided by 4706?
3502
Calculate the remainder when 172009871 is divided by 33576.
23
What is the remainder when 369088 is divided by 48?
16
Calculate the remainder when 5552198 is divided by 568.
566
What is the remainder when 44413604 is divided by 1282?
1278
Calculate the remainder when 106350 is divided by 82.
78
What is the remainder when 1202151 is divided by 600814?
523
Calculate the remainder when 101786 is divided by 25385.
246
What is the remainder when 16095615 is divided by 6?
3
What is the remainder when 362882 is divided by 179616?
3650
Calculate the remainder when 5369756 is divided by 339.
335
What is the remainder when 8414 is divided by 1158